Suppose 3*r + 9 = -57. Is -2 - (r + -5 + 3) prime?
False
Let k(q) = -7*q**3 - 6*q**2 - 3*q + 7. Is k(-4) composite?
True
Let z be (-6)/(-8) - 72/(-32). Suppose 6*p = z*p + 222. Is p a composite number?
True
Let o(x) = -x**2 - 11*x - 2. Let z be (-174)/24 - 6/8. Is o(z) a composite number?
True
Suppose -2*c + 193 + 225 = 0. Is c a composite number?
True
Let k(x) = -3 + 8*x + 7*x + 2*x. Suppose 3*a = -1 + 7. Is k(a) a composite number?
False
Is -2 + (1684/1)/4 a composite number?
False
Let v = 295 - -184. Is v a composite number?
False
Let u(n) = -14*n + 1. Let x be u(1). Let y(g) = -6*g + 9. Is y(x) prime?
False
Let t be ((-16)/20)/((-2)/(-10)). Let w(s) = 7*s**2 - 5*s - 5. Is w(t) a prime number?
True
Let n = 3 + -2. Let z(f) = 159*f**2 - f + 1. Is z(n) prime?
False
Suppose 2*v = 7*v. Suppose -2*x - 3*g + 728 - 193 = v, 0 = 5*g + 5. Is x prime?
True
Is (-4)/(-12) + (-7450)/(-15) a prime number?
False
Let x = 1078 + -759. Is x a composite number?
True
Suppose -2*h + 559 = m, 0*m - 1695 = -3*m + 3*h. Is m prime?
True
Let y(t) = 2*t + 1 + 3*t + 7*t - 3*t. Let x be y(6). Suppose 9 = -2*m + x. Is m a prime number?
True
Suppose -s - 5 = 0, 0 = -2*b + s - 6*s - 21. Suppose -b*q - 3*q = -115. Is q composite?
False
Let x(u) = -u**3 + 35*u**2 - 61*u + 19. Is x(28) prime?
False
Let k(d) = -2*d**3 - 5*d**2 - 5*d - 1. Is k(-5) a prime number?
True
Let c = 2 + -5. Let m be (23/2)/(c/(-6)). Is m*2*(-12)/(-8) a prime number?
False
Is (-4 - -1)*(-388)/12 prime?
True
Suppose -3*q = -5*q - 8. Is 282/q*8/(-12) prime?
True
Suppose 2*k - 3*h - 25 = 0, 3*k + 3*h - 18 = h. Let g = -8 + k. Suppose 0 = -g*v + v - 85. Is v a composite number?
True
Suppose -4 = 4*p, 2*p - 12 + 309 = 5*f. Suppose -3*j + 167 = 2*y, -j - y = -2*j + f. Is j composite?
True
Let p(v) = v**2 + v - 18. Let n be p(-7). Let f = -8 - -11. Suppose -78 = -2*y + 4*m, -f*y - m + 65 + n = 0. Is y prime?
True
Let t be 1/(-2) - (-126)/(-4). Is 3/9 + t/(-12) composite?
False
Suppose -3*v + 4*v = 14. Is v a prime number?
False
Let k(t) = t**2 + 4*t + 30. Let l(j) = 2*j**2 + 7*j + 61. Let o(v) = -5*k(v) + 3*l(v). Suppose -5*h - 5*u = 25, -h + 15 = u - 4*u. Is o(h) a composite number?
True
Let c(y) = -293*y - 5. Is c(-2) composite?
True
Suppose 5*p - 7387 = -4*f, 2*f = -f + 3*p + 5520. Is f a composite number?
True
Suppose -i - 6*k + k = 20, 3*i + k + 4 = 0. Suppose i*a - 3*a = 3. Is (55/5)/(a/(-3)) prime?
False
Suppose -19 = -4*s + 41. Let r be (5/s)/(2/(-6)). Let h = r - -12. Is h composite?
False
Let k be (1 + -2 + -1)/(-2). Let h be (13 - -1) + -3 + k. Is (-1 - h/3)*-3 a prime number?
False
Let a = -4315 + 7314. Is a composite?
False
Suppose -3*q = -q - 12. Suppose 5*h + 20 = 2*o, -h + 20 = -q*h. Is (o - -13) + (-4)/2 a composite number?
False
Suppose 0 = -3*s + 5*f + 596, -5*s + 3*f + 606 = -2*s. Suppose 0*d - 3*d = -s. Is d a prime number?
False
Suppose -7*f = -826 + 35. Is f prime?
True
Let t = 4 - 4. Let k = t + -1. Let r(g) = 67*g**2 - g - 1. Is r(k) a composite number?
False
Suppose 4*f + 3 - 11 = 0. Suppose -2*s - t = -f*t, 4*s + t - 6 = 0. Is 8/s + (-4)/2 a composite number?
True
Let u be -1 + 267/(9/3). Is (2 - (7 - 2)) + u a prime number?
False
Suppose k - 132 = 4*d, d + 130 = k - d. Suppose 5*z - 597 = k. Is z composite?
True
Let l = 451 + -180. Is l composite?
False
Is (-24)/(-16) - 2/(-4) a prime number?
True
Suppose c = -3*c. Suppose c*o = 2*o - 136. Suppose -2*w + a + 42 = 0, -4*a = 4*w - 2*a - o. Is w prime?
True
Let d = -43 + 78. Suppose -c + 3*y = -5 - d, 5*c - 3*y = 188. Is c composite?
False
Let c(j) be the third derivative of j**6/72 + j**4/24 + j**3/6 - 3*j**2. Let q(s) be the first derivative of c(s). Is q(-1) a prime number?
False
Suppose -4*k = -2*k + 268. Let f be k/3 - 12/(-18). Is f*(1 + 3/(-2)) composite?
True
Suppose -5*z = -1066 - 609. Is z composite?
True
Suppose d - 10 = -d. Let u = d - 7. Is 1/(((-2)/31)/u) composite?
False
Let i(p) = p**3 - 2*p**2 + 2*p - 1. Let w be i(2). Suppose -j + 0*j + 40 = 5*g, w*g = -4*j + 143. Is j prime?
False
Suppose 2*i + i - 1001 = -5*y, 2*i - 3*y - 680 = 0. Is i prime?
True
Let f = -1437 - -2387. Suppose 4*t = f + 990. Is t a prime number?
False
Let s(b) = b**2 - 6*b + 7. Is s(8) prime?
True
Suppose -2*d - 6 = 2*z, -z = -0*z - 4*d - 22. Suppose -4 = -z*m + 6*m. Let c(j) = -47*j**3 + j**2 + 2*j + 1. Is c(m) a composite number?
False
Suppose -2*z + z + 5*j + 721 = 0, z + 5*j - 681 = 0. Is z composite?
False
Let h = 1785 + -1024. Is h prime?
True
Let u(s) be the third derivative of 5*s**4/4 - 3*s**3/2 + 7*s**2. Is u(4) a composite number?
True
Let t(n) = -n**3 - 11*n**2 - n - 6. Let m be t(-11). Suppose -3*y = -m*y + 682. Is y a composite number?
True
Suppose -3*v = -p - 6*v + 49, 4*v - 142 = -3*p. Suppose -15 = 2*g - j + p, -3*g + j = 94. Let x = g + 86. Is x a prime number?
True
Is 1*(36 - 2) - 0 a prime number?
False
Let b be ((-57)/9 + 3)*-72. Suppose -4*h + 68 + b = 0. Is h a prime number?
False
Suppose 0 = -5*j - c - 4182, -c + 2*c - 2506 = 3*j. Is j/8*(-4)/2 prime?
False
Let w(j) = 4*j**3 + 5*j**2 - 5*j + 3. Let o(y) = y**3 + 5*y**2 + 3*y - 1. Let h be o(-4). Let r be w(h). Suppose 93 = l + l - k, -3*l + 3*k = -r. Is l prime?
False
Let j(a) = 2*a**3 - 17*a**2 + 2*a + 17. Is j(12) prime?
True
Let k be (-16)/(-12)*(-15)/2. Let z = k - -19. Is z a prime number?
False
Suppose 2*g + 3*b + 23 = 0, 3*b = 2 - 17. Let z(p) = 3 + p**2 - 3*p**2 + 4*p**2 + 4*p. Is z(g) a composite number?
False
Let a = 4652 + -2913. Is a prime?
False
Suppose 0 = p + 2*p - 6. Suppose 0*c - 2*c + 2*b + 232 = 0, -c = -p*b - 121. Is c prime?
False
Suppose 3*f = -8 - 1, 2*q - 4*f = 236. Let l = 171 - q. Is l prime?
True
Let j(p) = 6*p**2 - 4*p + 4. Let g be j(4). Let m = g - 50. Is m a prime number?
False
Suppose 0 = 5*y + 298 + 442. Let p = y - -2. Is 3/6 + p/(-4) a composite number?
False
Let o = 27 - 22. Suppose 0 = -o*k - 2031 + 6476. Is k a prime number?
False
Let r = -106 + 189. Is r a prime number?
True
Suppose 13*z - 6*z - 12313 = 0. Is z prime?
True
Let b = 2 - 3. Is b/(((-12)/435)/4) prime?
False
Let f be -2 - 1056/(2 - -1). Is ((-3)/(-9))/((-2)/f) composite?
False
Let n = 17 - 24. Let d = 32 + n. Is d - 2 - 0/(-1) composite?
False
Suppose -4*f = -2*f + 1100. Let w = f + 864. Is w a prime number?
False
Suppose -6*a - 159 = -573. Is a composite?
True
Suppose 3*n = f - 0*f - 4, 3*n + 52 = 4*f. Suppose 2*k = -2*k + f. Suppose -k*o + 2*x + 46 = -252, 15 = 3*x. Is o composite?
True
Let p(j) = -j**3 - 2*j**2 - j + 79. Is p(0) a prime number?
True
Suppose -j = 5, 1070 - 168 = b + j. Is b a prime number?
True
Let m be ((-22)/(-1))/(1 - 2). Let f = m + 33. Is f prime?
True
Suppose 0*k = 3*k. Suppose 3*y + j - 6 - 103 = 0, -4*y + j + 150 = k. Is y a composite number?
False
Suppose -5*y + c = -4888, -4*y + 6493 = -4*c + 2573. Is y composite?
False
Let q = -1009 + 2148. Is q a prime number?
False
Let i(b) be the third derivative of -b**6/120 + 11*b**5/60 - b**4/6 - 13*b**3/6 + b**2. Is i(9) a prime number?
True
Let k be 0 - (0 + 968 + 1). Let n = k + 1793. Suppose 3*g + 29 = n. Is g a composite number?
True
Suppose -5*b = -3*p - 1550, 2*b - 594 = -9*p + 5*p. Is b a prime number?
True
Let p be (48/(-30))/((-2)/20). Suppose -4*n = 5 - 17. Let c = p + n. Is c composite?
False
Let c(g) = 2*g**3 - 5*g**2 + 4*g - 2. Is c(3) a prime number?
True
Let q be (1/(-3))/((-3)/(-18)). Let f be (-16)/(-2*(-1)/q). Let u = 69 - f. Is u composite?
False
Let s(d) = 7*d + 1 + d + 0. Let j(t) = t**3 - t**2 - t + 4. Let q be j(0). Is s(q) a prime number?
False
Suppose -3*q - q = -2*w + 502, 3*q = 2*w - 502. Is w composite?
False
Suppose 3 = -2*v + 2*k + k, -4*k = -v - 9. Suppose -v*x + 177 = -204. Is x a composite number?
False
Let t = -391 + 834. Suppose 2*b + 3*d = t, 3*b - 667 = -d - d. Is b a prime number?
True
Let g(c) = -c**3 + c - 7. Is g(-6) prime?
False
Is 1686/8 - (-8)/32 a composite number?
False
Suppose -3 = -2*i + i. Suppose -o + i*o = 2. Suppose 0 = 3*d - o - 17. Is d prime?
False
Suppose -5*q = -2*q - 2355. Is q a composite number?
True
Let p(w) = w**3 + 7*w**2 + 6*w + 2. Let i be p(-6). Let k = 124 + -86. Suppose 0*l = i*l - k. Is l prime?
True
Suppose -2*h = -8*h + 3246. Is h prime?
True
Let l = 120 + 71. Is l a prime number?
True
Let b(i) = 37*i**3 + 1 + 3*i - 81*i**3 + 4